te x(-3).
24
Let t(g) = g**3 - 6*g**2 - g - 6. Calculate t(7).
36
Let m(a) = a**3 + 19*a**2 + 14*a + 15. Give m(-18).
87
Let x(t) = t**2 + 4*t - 8. Calculate x(3).
13
Let i(a) = -a**2 - 14*a + 1. Give i(-13).
14
Let r(u) = -u**3 + 7*u**2 + 10*u + 8. Give r(8).
24
Let f(s) = 2*s**2 - 14*s + 10. Determine f(6).
-2
Let f(x) = -96*x**3 + 3*x**2 + x - 1. Give f(-1).
97
Let j(l) = l**2 + l + 2. Determine j(-2).
4
Let y(m) = m**3 + 11*m**2 - m - 5. Give y(-11).
6
Let n(h) = -h**2 - 12*h - 5. Determine n(-13).
-18
Let h(z) = -z**3 + 22*z**2 + 50*z - 22. What is h(24)?
26
Let l(q) = -31*q**2 + 1394*q + 45. What is l(45)?
0
Let q(v) = v**2 - 12*v + 16. Give q(10).
-4
Let x(d) = 3*d**3 + d**2 - 4*d - 9. Give x(-2).
-21
Let t(k) = k**2 + 3*k - 17. Give t(7).
53
Let g(b) = -b - 2. Give g(-2).
0
Let j(m) = m**3 - 3*m + 2. Calculate j(3).
20
Let o(f) = -17*f**2 - f + 7. Give o(2).
-63
Let x(z) = -z**3 - 7*z**2 - 7*z - 3. What is x(-6)?
3
Let n(s) = -6*s**2 - 2*s. Calculate n(-1).
-4
Let b(m) = -m**2 - 10*m + 1. Determine b(-7).
22
Let x(b) = -3*b + 3. What is x(2)?
-3
Let a(s) = -s**3 + 12*s**2 + 14*s - 21. Give a(13).
-8
Let m(f) = -f - 32. Determine m(-27).
-5
Let w(x) = 2*x**2 + x - 10. Determine w(5).
45
Let q(d) = 2*d**2 - 59*d + 59. Determine q(28).
-25
Let h(f) = -5*f**2 + 1. Give h(2).
-19
Let c(a) = 64*a**3 + 1. What is c(1)?
65
Let d(n) = 2*n**3 + 6*n**2 + n + 4. Calculate d(-4).
-32
Let l(j) = 14*j**2 + 53*j - 11. What is l(-4)?
1
Let k(v) = v - 12. Determine k(6).
-6
Let u(p) = 17*p - 147. Determine u(8).
-11
Let f(n) = 5*n**2 + 30*n - 9. What is f(-7)?
26
Let q(b) = -b**2 + 3*b + 88. What is q(-8)?
0
Let r(j) = 4*j - 8. Calculate r(4).
8
Let l(b) = b**2 + 4*b + 3. Give l(-4).
3
Let j(o) = -62*o - 670. Calculate j(-11).
12
Let n(u) = 13*u - 33. Give n(2).
-7
Let t(q) = -10*q + 7. Give t(1).
-3
Let v(g) = 7*g + 2. Determine v(-10).
-68
Let w(o) = 17*o**2. Calculate w(-1).
17
Let h(z) = -22*z**3 - 2*z**2 + 4*z - 3. What is h(1)?
-23
Let z(u) = -3*u - 5. What is z(-3)?
4
Let j(y) = -2*y - 18. Calculate j(-13).
8
Let a(g) = 2*g**2 - g. Calculate a(-3).
21
Let p(w) = -w**2 - w + 5. Determine p(-8).
-51
Let z(t) = 16*t + 3. Determine z(0).
3
Let u(k) = -17*k + 5. Determine u(4).
-63
Let i(r) = -r**3 + 4*r**2 - 2*r - 4. Calculate i(3).
-1
Let q(c) = 2*c**3 - c**2 - 10. Give q(0).
-10
Let j(p) = 2*p**3 - 2*p**2 + 4*p + 1. What is j(2)?
17
Let o(b) = -2*b**2 - 11*b - 13. Give o(-4).
-1
Let l(y) = -y**3 + 18*y**2 + 14*y + 94. Determine l(19).
-1
Let r(q) = 5*q + 16. Give r(-3).
1
Let z(p) = -11*p + 14. Determine z(-5).
69
Let t(w) = w + 10. Give t(-2).
8
Let d(i) = i**3 + 8*i**2 - 11*i - 6. What is d(-9)?
12
Let q(j) = -28*j - 592. What is q(-21)?
-4
Let j(a) = -a**3 - 2*a**2 - 2*a - 1. What is j(3)?
-52
Let c(p) = 3*p - 78. What is c(20)?
-18
Let u(y) = y**3 - 5*y**2 + 6*y - 1. Give u(4).
7
Let i(l) = -7*l + 52. Calculate i(20).
-88
Let u(d) = -d**2 - 5*d - 3. What is u(-5)?
-3
Let x(p) = 35*p**2 - p - 2. Calculate x(-1).
34
Let q(c) = -c**3 + 29*c**2 - 2*c + 60. Determine q(29).
2
Let a(q) = -2*q**3 - 37*q**2 + 63*q + 72. Calculate a(-20).
12
Let c(a) = a**2 - 2. Give c(-3).
7
Let z(y) = y - 7. What is z(10)?
3
Let p(s) = -3*s**3 - s**2 + 1. Determine p(1).
-3
Let p(k) = 7*k + 6. Calculate p(-1).
-1
Let z(w) = w + 8. Determine z(-5).
3
Let h(o) = -o**3 - 6*o**2 + 23*o + 141. What is h(-5)?
1
Let b(g) = g**2 - 17*g + 40. What is b(14)?
-2
Let i(r) = r**3 - r + 17. Determine i(-3).
-7
Let k(c) = -3*c**3 - 48*c**2 + 53*c + 38. Give k(-17).
4
Let f(q) = -q**3 + 11*q**2 - 10*q + 14. What is f(10)?
14
Let w(o) = o**3 - 5*o - 4. What is w(-3)?
-16
Let s(p) = -p. What is s(9)?
-9
Let m(a) = -2*a**3 - 46*a**2 - 42*a - 20. Calculate m(-22).
-64
Let k(a) = -16*a - 951. What is k(-59)?
-7
Let d(h) = -54*h**2 - 2*h. Give d(1).
-56
Let w(m) = m**2 - 18*m + 68. What is w(8)?
-12
Let s(j) = 2*j + 2. Give s(0).
2
Let n(w) = -w**3 + 6*w**2 - 4*w + 15. Calculate n(6).
-9
Let v(o) = 35*o**2 - 3*o - 7. Calculate v(-2).
139
Let l(b) = -b**3 - b**2 + 6*b + 3. Give l(-3).
3
Let r(j) = -3*j**3 + 2*j. Calculate r(2).
-20
Let d(n) = -n**2 - 50*n - 355. Give d(-42).
-19
Let u(i) = i**2 - 21*i - 8. Determine u(23).
38
Let i(o) = -o**3 - 11*o**2 + 8*o - 3. Calculate i(-12).
45
Let k(r) = -204*r - 1027. Calculate k(-5).
-7
Let b(u) = 2*u**3 + 16*u**2 + u - 4. What is b(-8)?
-12
Let m(j) = 5*j**2 + 6*j. Give m(-2).
8
Let w(x) = -8*x - 1. What is w(1)?
-9
Let z(s) = -s**2 + 16*s - 4. Give z(12).
44
Let h(n) = 21*n - 6. Give h(2).
36
Let x(a) = 9*a - 103. Determine x(11).
-4
Let f(q) = -q**3 + 2*q**2 - q - 9. Calculate f(-2).
9
Let u(j) = 8*j - 2. Determine u(1).
6
Let b(p) = 2*p**2 + 2*p + 7. Determine b(0).
7
Let m(q) = q**3 + 31*q**2 + 60*q + 52. Give m(-29).
-6
Let u(r) = 9*r + 232. What is u(-28)?
-20
Let y(x) = -3*x - 28. Calculate y(-6).
-10
Let l(b) = -28*b**3 + 2*b**2 - b - 1. Determine l(1).
-28
Let i(d) = -20*d + 103. Calculate i(5).
3
Let a(r) = -2*r - 28. Give a(21).
-70
Let o(k) = -k**3 + 3*k**2 - 4*k - 3. Give o(4).
-35
Let p(z) = z + 21. Calculate p(-12).
9
Let w(r) = r - 15. Give w(-11).
-26
Let d(x) = 3*x - 1. Determine d(2).
5
Let h(v) = -v - 8. What is h(-15)?
7
Let n(s) = 4*s + 6. What is n(-5)?
-14
Let q(g) = 2*g**2 + 7*g - 17. Calculate q(-5).
-2
Let v(f) = -23*f + 3. Give v(2).
-43
Let y(w) = -6*w + 11. Determine y(-5).
41
Let l(w) = w**3 - 5*w**2 + 5*w - 2. Calculate l(4).
2
Let c(j) = -4*j**3 + 3*j**2 - 6*j + 2. Calculate c(2).
-30
Let l(y) = 2*y**3 - 8*y**2 + 3*y + 2. Calculate l(5).
67
Let n(k) = -k**3 + 5*k**2 - k - 15. What is n(4)?
-3
Let x(k) = -k**3 + 9*k**2 - 8*k - 7. What is x(8)?
-7
Let k(t) = -22*t - 556. Calculate k(-25).
-6
Let j(y) = -24*y - 463. What is j(-19)?
-7
Let g(c) = c**3 - 5*c**2 - 8*c + 1. Give g(6).
-11
Let z(u) = -u**3 + 3*u**2 - 13*u + 40. Determine z(3).
1
Let f(r) = 6*r**3 + r**2 - 2*r + 1. Give f(1).
6
Let o(p) = -4*p - 29. Calculate o(-6).
-5
Let p(w) = -w**3 + 18*w**2 + w - 17. Calculate p(18).
1
Let o(w) = 16*w**2 + 1. Calculate o(1).
17
Let q(o) = 6*o**2 - 17*o - 4. What is q(3)?
-1
Let m(v) = -13*v**2 - 33*v + 2. What is m(-3)?
-16
Let u(z) = z**2 + 14*z + 21. Determine u(-11).
-12
Let f(w) = -w + 8. What is f(10)?
-2
Let s(c) = 5*c - 40. What is s(13)?
25
Let i(s) = s**2 + 5*s - 15. Give i(-8).
9
Let v(n) = n**3 - 6*n**2 - 4*n - 5. Determine v(6).
-29
Let s(r) = 13*r + 143. Determine s(-10).
13
Let z(y) = 7*y - 9. What is z(2)?
5
Let z(p) = -2*p**2 + 4*p + 15. Calculate z(-6).
-81
Let r(p) = 10*p + 5. Determine r(-2).
-15
Let h(v) = v**2 - 11*v + 14. Give h(11).
14
Let l(n) = n**3 + 29*n**2 - 31*n - 12. Give l(-30).
18
Let r(g) = -3*g + 43. Determine r(15).
-2
Let j(r) = 14*r + 159. Determine j(-12).
-9
Let p(v) = 5*v - 2. Calculate p(0).
-2
Let x(u) = -19*u**2 + 2*u - 1. Calculate x(1).
-18
Let g(t) = -t**3 + 13*t**2 + 3*t - 33. Calculate g(13).
6
Let x(w) = w**2 - 13*w + 2. Give x(13).
2
Let t(v) = -11*v - 8. Calculate t(-6).
58
Let b(k) = -k**3 - 9*k**2 + 3. Calculate b(-9).
3
Let b(q) = -q**3 + q**2 - 2*q - 1. What is b(0)?
-1
Let a(v) = -38*v**3 + 2*v**2 - v. Calculate a(1).
-37
Let n(w) = -w**3 - 5*w**2 - 16. Determine n(-6).
20
Let t(j) = -2*j**2 + 10*j - 2. Give t(5).
-2
Let x(p) = -2*p**3 - 47*p**2 + 20*p - 97. Give x(-24).
-1
Let v(g) = -3*g**3 + 2*g**2 + 2*g - 8. Give v(0).
-8
Let s(l) = -3*l - 12. Determine s(-6).
6
Let q(j) = j**3 + 12*j**2 + 27*j + 27. Calculate q(-10).
-43
Let h(g) = 4*g - 46. Give h(14).
10
Let q(x) = x**3 - 8*x**2 - 6*x - 2. What is q(9)?
25
Let a(o) = o**2 + 8*o + 5. Calculate a(-9).
14
Let b(g) = -36*g**2 + 1. Give b(1).
-35
Let c(q) = 5*q - 12. Determine c(-4).
-32
Let n(p) = -10*p - 130. Give n(-12).
-10
Let n(o) = o**3 + 6*o**2 - 8*o - 4. Give n(-7).
3
Let x(a) = -4*a**3 + a**2 - 7. What is x(-2)?
29
Let b(z) = z**3 + 5*z**2 - z - 4. Determine b(-4).
16
Let h(w) = w**2 + 10*w - 11. Calculate h(-11).
0
Let v(f) = f**2 - 17*f + 15. Give v(15).
-15
Let r(j) = 12*j**2 - 4*j - 3. What is r(-2)?
53
Let b(c) = -3*c**2 + 5*c + 3. Calculate b(5).
-47
Let i(z) = -z**3 + 15*z**2 + z - 19. Determine i(15).
-4
Let h(m) = -2*m - 3. Determine h(-2).
1
Let t(v) = -5*v**2 - 72*v - 3. What is t(-14)?
25
Let c(v) = -2*v**2 - 5*v - 5. What is c(3)?
-38
Let t(p) = -3*p - 20. Give t(2).
-26
Let w(z) = z*